e
Let l be 146/6 + (-14)/(-21). Suppose -s = -2*t - l, -t + 37 = -4*s + 137. Suppose 5*o + 2*v - 1577 = 0, s = -4*v + 9. Is o composite?
False
Suppose -7*a + 2*a = -5*z - 1214445, 2*a - 4*z - 485782 = 0. Is a a prime number?
True
Suppose -6*i + 13 = -5. Suppose i*t + 147 = -0*t + 3*d, -t - 53 = d. Let k = 66 + t. Is k a composite number?
True
Let g be 26/10 - (14/(-10) - -1). Suppose -5*z + 20 = 0, -7908 = -7*w + g*w - 3*z. Suppose -4*f - w = -10*f. Is f prime?
False
Suppose 2*r - 3*p = 14, -5*r - 5 = -6*r + 2*p. Suppose 7368 = r*t - t. Is t composite?
True
Suppose 0 = 11*g + 34 - 1. Let b(k) = -233*k - 26. Is b(g) prime?
True
Suppose 6929 - 287445 = -76*a. Is a a prime number?
True
Let b(m) = -7*m**2 - 4*m - 2. Let z be b(-2). Let o(j) = -2253*j + 2222*j - 52 - 3 - j**2. Is o(z) a composite number?
True
Suppose 12450 = x + 2*i, 16*x - 14*x - 4*i - 24924 = 0. Suppose 4*f = -2*n + 12444, 4*f - n - x = -6*n. Is f composite?
False
Let u(k) = 124*k**3 + 8*k**2 - 5*k + 10. Suppose -27*j + 130 = -j. Is u(j) prime?
False
Let m = -43 - -43. Suppose x - 18 = -4*b - 0*b, m = -4*b - 3*x + 22. Is 1302/b + 3/6 a composite number?
True
Let u = 140588 - 92279. Is u composite?
True
Let u be -56*((-1085)/10 + (-1)/1). Suppose 10*s + u - 45562 = 0. Is s a prime number?
True
Suppose -3*n = 61*n - 1812928. Is n composite?
True
Let z(a) = 7*a**2 - a + 1. Let d be z(-7). Suppose 6*o - 3*o + d = 0. Let r = 526 + o. Is r a composite number?
False
Suppose w + 2*u = -0*w + 1019, 4*u - 3059 = -3*w. Let f = w - 1654. Let t = f - -986. Is t a prime number?
True
Let t = 19 - 15. Suppose -10*k + 6*k - 51568 = -t*r, 3 = k. Is r prime?
False
Let o(n) = 748*n**2 - 45*n - 34. Is o(15) a composite number?
True
Let s = -595 - -2186. Is s a composite number?
True
Suppose -p - 5*c = 4*p - 20595, -3*c = -5*p + 20555. Suppose 5*w - p = -6*w. Suppose -2360 + w = -2*g. Is g a composite number?
True
Suppose 2*d - d - 6 = 0. Let b(c) be the third derivative of c**5/30 + 5*c**4/8 - 5*c**3/6 - 3*c**2 + 75. Is b(d) composite?
False
Let z be 1*-6*3/(-6). Suppose -3*g = t - 1070, -5*t + 1078 = z*g - 6*t. Is g prime?
False
Let n = 287037 - 172738. Is n prime?
True
Let r(v) = -4*v**3 - 54*v**2 + 119*v + 2758. Is r(-39) composite?
False
Let h(n) = 51*n**3 - n**2 - 3*n - 1. Let k(r) = 2*r**2 + 73*r - 35. Let z be k(-37). Is h(z) prime?
True
Let a(q) = 135*q**2 + 2*q + 13. Let g be a(-5). Suppose c - 5*t = g, 5*c - 17040 = -t - 4*t. Is c a prime number?
False
Suppose -1 = -5*s + 9. Let z be ((0/s)/3)/(-1). Let q(x) = x + 473. Is q(z) a prime number?
False
Suppose 6113 = -t + 4*t + 5*m, -m + 8162 = 4*t. Suppose -5*k + t = -2*l, 5*l = -5*k + 723 + 1297. Is k a prime number?
False
Let p be (0/2)/(4/(-8)*-6). Suppose -3*j - v + 30490 = p, 11*j - 30482 = 8*j + v. Is j composite?
True
Let o(i) = 1031*i - 5. Let b be o(-8). Let j = b + 15011. Suppose 174 = 4*h - j. Is h a composite number?
False
Let l be ((-10)/75 + (-78)/90)*1. Is -5098*-7*l/(-2) a composite number?
True
Suppose -3*n = -4*x - 9967 + 254, 0 = 5*n - 5*x - 16190. Is n prime?
False
Let c(n) = n**2 - 8*n + 8. Let p be c(6). Let t(f) = f**3 + 2*f**2 - 5*f + 8. Let a be t(p). Is (40/12 + a)/((-2)/4137) prime?
False
Suppose 3*c + 0*a = 3*a + 15, 0 = 5*c - 2*a - 22. Suppose -15*r + 717 - 717 = 0. Suppose -s + 618 = 5*b, -b - c*s - 16 + 151 = r. Is b a composite number?
True
Is (-28 + 29)*(-4)/8*-175762 prime?
True
Let p = 446054 + -247203. Is p a prime number?
True
Is (-188 - -191)/((3/4)/(179209/4)) a composite number?
False
Suppose 51*c = 65*c - 790034. Is c a prime number?
True
Let p = -165426 - -80314. Is 1*(3/(-6))/(4/p) prime?
True
Suppose 23*y = 22*y - 1. Is 1227/6*(-2)/y a prime number?
True
Suppose -4043 = 9*z + 4273. Let q = z + 2381. Is q a prime number?
False
Suppose -5*y = 2*y - 91. Suppose 15*r - y*r + 542 = 0. Let o = 416 + r. Is o a prime number?
False
Let r(j) = -j**3 + 38*j**2 - 58*j - 38. Is r(30) composite?
True
Let d = -746 + 800. Suppose -d*n - 63474 = -60*n. Is n prime?
False
Suppose -2 + 20 = 6*r. Suppose -c = r*c - 12. Suppose 1410 = c*w + l + 530, -w = -5*l - 320. Is w prime?
False
Is (75234/18)/(14/1302) a composite number?
True
Suppose -2*p + 115 - 109 = 0. Suppose -5*h - 9346 = -p*d, 2*d - 3*h - 2*h = 6229. Is d composite?
True
Is (9 - 11)*(-33388)/8 composite?
True
Suppose 16 = 2*p - 3*i - 304, -5*i + 20 = 0. Suppose 5*z - 7*z = -p. Suppose 8785 = z*q - 78*q. Is q composite?
True
Let m = 73888 - 51549. Is m a composite number?
True
Let f = 40 - 2. Suppose 0 = 7*h + 10 - f. Suppose -h*g + 581 + 839 = 0. Is g composite?
True
Let c = 8962423 - 6348962. Is c prime?
False
Let v = 780646 + -547475. Is v a composite number?
True
Let y = -74376 + 214979. Is y a composite number?
False
Suppose 0 = -6*c + 5875 + 5171. Let t = 2728 - c. Is t a composite number?
False
Let i(z) = 2*z - 20. Let t be i(7). Let r be 8*t/(-72)*9/2. Suppose -r*o + 868 = 229. Is o a composite number?
True
Let l be (6/(-6))/((-2)/(2*-97)). Let c = l + 1485. Suppose 5*v - 9*v = -c. Is v a prime number?
True
Let h = 6 - 0. Suppose 2*f - 1516 = -4*j, -2*j + 742 = -h*f + 3*f. Is j prime?
False
Let x be (13992/2)/(-1) - (-24 + 20). Let w = x + 10981. Is w composite?
False
Let t be (-90)/(-108) + (-10199)/6. Let c = t + 19620. Is c prime?
True
Is (-12)/(-4) - (-86790 + 14)/2 a prime number?
True
Suppose -643 = 2*h - 5*y - 3039, -3*h = 5*y - 3644. Let f be 1*(1 + 3 + h). Suppose 4*v - f = -0*v - 5*x, -898 = -3*v - x. Is v composite?
True
Let l = 204772 + -345. Is l composite?
False
Is ((-78722)/8)/(-4 + (-7 - 215/(-20))) a composite number?
True
Is (3 + 10)/(3624/516 + -7) prime?
False
Suppose -3*c + 40*a = 43*a, -2*c = 5*a + 15. Suppose -2*h + 4*h - q = 8389, c*h + 5*q - 20950 = 0. Is h a prime number?
False
Let m = 168296 - 115777. Is m a composite number?
True
Suppose -8*s + 38 - 14 = 0. Suppose -5*d + 28 = -s*l, d - 6*d + 20 = 5*l. Suppose -d*r = r - 19218. Is r a prime number?
True
Suppose 3*t = -0*x + 2*x - 3, -5*t = -5. Suppose x*z + 1 = 3*y + 25, -3*z + 2*y = -20. Suppose -1114 = -5*h - q, q - 1016 + 125 = -z*h. Is h composite?
False
Let j be -1 + 2 + 0 + 1. Suppose -5*p = 5*l - 3165, j*l - 938 = 4*p + 358. Suppose 1857 = 5*u - l. Is u prime?
True
Suppose 1866 = 2*a - 4*h, 14*a - 17*a + 3*h + 2808 = 0. Let z = 2404 - a. Is z a prime number?
False
Suppose -3*b + 2 = -2*n - 51, 4*b - n - 64 = 0. Is -2 - b/(-12) - (-90135)/36 a composite number?
False
Let b be (-6)/(-18) + (-21)/9 + 2. Suppose b = -3*i + 2*p - 56, -4*i = -0*p + 3*p + 86. Let h(w) = w**2 - 7*w + 47. Is h(i) a composite number?
False
Let h(j) = 5*j - 7. Let q(k) = 14*k - 20. Let u(g) = -17*h(g) + 6*q(g). Let l be u(-4). Suppose 3*i - s = i + 117, -l*i = 4*s - 159. Is i composite?
True
Let o(y) = 17*y**3 - 22*y**2 + 61*y - 11. Is o(12) prime?
False
Let w(q) = 2362*q + 1629. Is w(10) prime?
False
Let s(y) = 5*y + 107. Let i be s(-13). Is (i/(-4))/(60/(-281080)) prime?
False
Let d be 2*12/16 + (-3)/(-6). Suppose g = 4*g + 3*x + 3, -g + d = 2*x. Is 6/g - (4 - (-14856)/(-16)) a composite number?
True
Suppose -4*i - 31 + 47 = 0. Suppose i*d + 3*w - 13265 = 3*d, -5*d - 5*w = -66345. Is d prime?
False
Let s(f) = 3*f**2 + 10. Let y be s(-5). Is (-2)/5 - (-161619)/y a composite number?
False
Let h(i) = 1464*i + 56. Let a be h(5). Is (a/48)/((-2)/(-42)) composite?
True
Let k(w) = -2*w**2 - 3*w - 2. Let i be k(-1). Let u be (-2 + -2 - -4)*i. Suppose 2*c + s = 1350, -2*c - 4*s + u*s = -1362. Is c composite?
False
Let x(o) = -24*o + 11. Suppose 20 = 3*a - c, a + 25 = 3*a - 3*c. Let w(g) = -49*g + 21. Let q(k) = a*x(k) - 3*w(k). Is q(5) a prime number?
True
Suppose 2*d - 35112 = 39*r - 41*r, 70219 = 4*r + 3*d. Is r a prime number?
True
Suppose -j - 35543 = 22*j - 3786912. Is j a composite number?
True
Suppose -129*x - 1883 = -128*x. Let v = -1130 - x. Is v a prime number?
False
Suppose -69 = -0*w - 5*w + 4*y, -3*y = -3*w + 42. Suppose z = w*z - 103848. Is z prime?
False
Let f = -3512 + 2231. Suppose 0 = -55*l + 9*l - 144808. Let z = f - l. Is z prime?
True
Let m = -95 + 95. Is -16161*(m/(-7) - (-8)/(-12)) a composite number?
True
Suppose 10065359 = -8978*l + 9009*l. Is l composite?
False
Let q(g) be the third derivative of 7*g**4/4 - 25*g**3/6 - g**2. Let v(s) = s**3 - 6*s**2 - 4*s - 8. Let o be v(7